he prime factors of s.
2, 7
Suppose -2*i + m - 41 = 0, 2*i - 91 = 6*i + m. Let v = -17 - i. What are the prime factors of v?
5
Let p be (-7)/(11/(-5) - -2). Suppose -163 = 5*u - 38. Let c = p + u. List the prime factors of c.
2, 5
Let c = 26 - 7. What are the prime factors of c?
19
Let m(v) = -v**2 - v. Let f be m(0). Let d(i) = 0 + 1 - i + f. List the prime factors of d(-9).
2, 5
Suppose -2*i + 6 = -3*i. Let y = 10 + i. Let o(h) = 2*h**2 - 6*h + 2. What are the prime factors of o(y)?
2, 5
Let k be (-48)/(-2) - (0 - 2). Suppose -2*w = -0*w - k. What are the prime factors of w?
13
Let b(n) = -2*n + 24. What are the prime factors of b(-9)?
2, 3, 7
Let k(d) = d**2 - 3*d + 5. Let q be k(5). What are the prime factors of 380/q + (-1)/3?
5
Suppose -5*r + 3*q - 15 = 0, 4*r + 22 - 2 = 4*q. Suppose -4*v - 2*x + 16 = 0, r*v + 3*v - 5 = 2*x. List the prime factors of v.
3
Let p = -111 + 222. List the prime factors of p.
3, 37
Suppose -3*g + c - 1 = 0, -5*c + 2 + 3 = -3*g. Suppose g*v = -5*v + 65. Suppose -5*t + v = -27. List the prime factors of t.
2
Let y be (2 + 7)*(-4)/(-6). Suppose -g = 4 - y. What are the prime factors of g?
2
Let i(m) be the first derivative of m**3/3 - 3*m**2/2 + 6*m + 7. What are the prime factors of i(7)?
2, 17
Let h = -3 - -9. List the prime factors of h.
2, 3
Let y = 1 + -1. Let q = -1 - y. List the prime factors of (q + 3 - -6) + 0.
2
Let j(k) = -k - 3 - 2*k - 2 + 2*k. Let m be j(-8). Suppose 7*b = m*b + 40. What are the prime factors of b?
2, 5
Let q(k) = k**3 - 6*k**2 + 8*k - 5. Suppose 4*j - 6 - 14 = 0. Let s be q(j). Suppose -v + 3*f + s = 0, 3*v = v + 5*f + 18. List the prime factors of v.
2
Let c = -13 - -13. Let a = 11 + c. List the prime factors of a.
11
Let h(p) be the first derivative of -p**4/12 + 7*p**3/6 - 5*p**2/2 - 2*p - 2. Let x(i) be the first derivative of h(i). List the prime factors of x(4).
7
Let w(v) = -11*v**3 - 2*v**2 - v. Let g(p) = p**3 + 2*p**2 - 3*p + 1. Let b be g(-3). Let m(i) = -i**2 + i - 1. Let q be m(b). List the prime factors of w(q).
2, 5
List the prime factors of ((-528)/18)/(2/(-3)).
2, 11
Let r = 67 + -29. What are the prime factors of r?
2, 19
Let w be 3/18 - (-538)/12. Let q = -25 + w. What are the prime factors of q?
2, 5
Suppose o = -j - 0 + 2, 2 = 2*o + j. List the prime factors of 7 + -6 - (-33 - o).
2, 17
Suppose -4*o - f = -56 + 8, -3*o + 36 = 2*f. Suppose -o = -4*b - 88. Let p = -11 - b. What are the prime factors of p?
2
Let l(u) = u**3 + 5*u**2 - 9*u + 2. What are the prime factors of l(-5)?
47
Suppose s - 4 = -1. Suppose 0 = 4*q - 5*d - 38, 4*d - 32 = -s*q + q. What are the prime factors of q?
2, 3
Suppose -4*s + 4*d + 75 = -197, 80 = s + 3*d. What are the prime factors of s?
71
Suppose 0*r - 3*g = -2*r + 42, -8 = 2*g. Suppose -3 + r = 3*f. Suppose 2*p - w = -0*p + 6, 2*w - f = 0. List the prime factors of p.
2
What are the prime factors of (-55841)/(-209) - (0 + 2/11)?
3, 89
Let h(b) = 10*b + 16. Let g be h(11). What are the prime factors of g/10 + (-6)/(-15)?
13
Let z be (-34 - 1)/(-1) - 0. Suppose 0 = -5*a - 0*a + z. What are the prime factors of a?
7
Let i = 1 - -5. List the prime factors of (-4)/(-6) + 38/i.
7
Let c(j) be the first derivative of 4*j**2 + 2*j - 5. List the prime factors of c(4).
2, 17
Let h(g) = -1. Let u(v) = 19*v - 1. Let b(l) = -3*h(l) - u(l). List the prime factors of b(-2).
2, 3, 7
Suppose -51 = -5*r - 3*y + 317, -3*r + 248 = -5*y. List the prime factors of r.
2, 19
Let j = 72 + -43. List the prime factors of j.
29
Let p(a) = -a**3 - 5*a**2 + 8*a - 3. Let m be p(-6). Let t = m - -26. What are the prime factors of t?
11
Let n be -6*(-3)/((-9)/(-4)). Let l(c) = -n - 4*c + 7*c - 4. What are the prime factors of l(9)?
3, 5
Let d = -2 - -5. Suppose m + 20 = 2*m. Suppose 0*c = d*c + 2*g - m, 8 = 2*c - 4*g. What are the prime factors of c?
2, 3
Let l(s) = -2*s + 12. What are the prime factors of l(-5)?
2, 11
Suppose 0*g = g - p - 6, 0 = 2*g - 5*p. Suppose 0*j = 5*j - g. What are the prime factors of j?
2
Let z be 2 + -2 + 243 + -2. Suppose 3*y - z = -73. Suppose -4*g = -2*v - 2*g + 34, y = 3*v - 4*g. What are the prime factors of v?
2, 3
Suppose -2*p + 44 = -5*v, -2 = 5*v + 8. Suppose 4*a - p - 16 = s, 0 = -4*a + 5*s + 53. List the prime factors of a.
7
Suppose t - 6*t + 1 = m, 2*m - 14 = 2*t. Suppose -m*f + f + 59 = 3*v, -3*v - 58 = -4*f. List the prime factors of f.
13
List the prime factors of (6/9)/(2/81).
3
Suppose -3*j + 2*j + 5 = g, 0 = 2*j + 2. Let u(c) = c**3 - 5*c**2 - 5*c - 3. Let w be u(g). Suppose -41 - 19 = -w*d. List the prime factors of d.
2, 5
Suppose 4*g - 8 = -0*g. Suppose -90 = -5*k - 3*b, g*k + k = -2*b + 53. What are the prime factors of k?
3, 7
Suppose 2 + 0 = -2*o. Let c be (6 - o) + 1*-2. Suppose -7*q = -3*q + 2*g - 26, -4*q + c*g + 61 = 0. List the prime factors of q.
3
Let w(x) = x**2 + 6*x - 6. Let z be w(-7). Let a = -5 + 9. Let k = a + z. List the prime factors of k.
5
Suppose 4*p - 6 - 6 = 0. Suppose -5*o - 10 = -6*o + p*r, -3*o + 16 = -2*r. Suppose -3*c + c = -o. What are the prime factors of c?
2
Suppose 0 = -m + 4*m - 3. Suppose 0 = -j + m + 2. What are the prime factors of j?
3
Suppose -c + 88 = 2*s - s, 3*s + 4*c = 260. What are the prime factors of 16/(-88) + s/22?
2
Let n(f) = 2*f**2 + 6*f + 1. Let p be (-51)/9 - 4/(-6). What are the prime factors of n(p)?
3, 7
Let h(y) = 3*y + 4. Let d(q) = -6*q - 7. Let m(k) = -3*d(k) - 5*h(k). Let g be m(-2). Let l = g + 9. List the prime factors of l.
2
Suppose 4*a - 1 = 11. Let f = 4 + a. What are the prime factors of f?
7
Let f(z) = -3 - 1 + 2*z - 4*z + z**3 + 6. Let w be f(2). Let n(p) = 3*p - 9. What are the prime factors of n(w)?
3
Let q(j) = -16*j**3 - 5*j - 7. List the prime factors of q(-2).
131
Let i(p) = -p**2 - 2*p + 1. Let l be i(-3). Let z be 4 + -2 + 0 - l. Suppose -19 = -z*s - 3. List the prime factors of s.
2
Let u be (1 + 0)*(-3 - 1). Let m be 3/3*(1 - 2). Let z = m - u. List the prime factors of z.
3
Let m = -117 - -399. List the prime factors of m.
2, 3, 47
Let g be -10*(4/(-8))/1. What are the prime factors of 36/1 + (-10)/g?
2, 17
Let t be (-4)/7*(0 + -7). Suppose -t*p - p = -70. List the prime factors of p.
2, 7
Suppose 4*n + 11 = 5*x, 5*n + 12 = 4*x - 13. Let a(k) = 7*k + k**2 - 9 + 3*k - 3*k. List the prime factors of a(n).
3
Let b = -1 + -3. Let q = b - -6. What are the prime factors of (-3 - -9) + (-4)/q?
2
Let s = 83 + -11. List the prime factors of s.
2, 3
Let l(o) = -3*o - 4. Let d be l(-6). Let m = -6 + d. List the prime factors of m.
2
List the prime factors of 2*(-8)/((-64)/852).
3, 71
Let f(k) = 6*k**2 + 4*k + 2. Let b(l) = -6*l**2 - 5*l - 2. Let a(s) = 5*b(s) + 6*f(s). Let z be a(2). Let i = z - 2. What are the prime factors of i?
2, 11
Let v(n) = n**3 + n**2. Let l be v(0). Suppose -2*x + 43 = 3*s, -3*x + l*s = 2*s - 52. What are the prime factors of x?
2, 7
Suppose -4*d + 126 = -478. What are the prime factors of d?
151
Let r(o) = o**3 - 6*o**2 - 3*o + 9. Let i be r(6). Let w be (-6)/i - (-28)/3. Suppose 0*g + 3*z - 60 = -3*g, w = g - 4*z. What are the prime factors of g?
2, 3
Let x be (-6)/15 - 2/(-5). Suppose g - 28 = -0*s + 4*s, -2*s - 8 = x. List the prime factors of ((-4)/(g/15))/(-1).
5
Let f = 2 - -1. Suppose -f*g = 2*g. Let n(v) = v**2 + v + 9. List the prime factors of n(g).
3
Let q(n) = 85*n - 1. What are the prime factors of q(1)?
2, 3, 7
Let g = 42 + -22. Suppose -4 + g = 2*w. List the prime factors of w.
2
Let h = 267 + -145. List the prime factors of h.
2, 61
List the prime factors of ((-12)/24)/(2/(-16)).
2
Let k(u) = -6*u - 2*u**2 + 2*u**2 - 10 + u**2. Let g = 26 + -18. What are the prime factors of k(g)?
2, 3
What are the prime factors of (-12)/(-8)*8/3?
2
Suppose -246 = -5*z + 484. What are the prime factors of z?
2, 73
Let b(m) = -10*m + 25. List the prime factors of b(-8).
3, 5, 7
Suppose -13 + 33 = y. Let u = y - 5. What are the prime factors of u?
3, 5
Suppose x = 3 - 1. List the prime factors of x/(-4) - (-26)/4.
2, 3
Suppose 2*k - 623 = -3*x + 7*k, 0 = 3*x - 3*k - 627. List the prime factors of x.
211
Let g(q) = 6*q + 5. Let i(c) = -7*c - 6. Let w(p) = -6*g(p) - 5*i(p). List the prime factors of w(-6).
2, 3
Let h be (-4)/(-2)*(-2 + 0). Let m(u) = u**3 + 5*u**2 + 3*u - 2. Let f be m(h). List the prime factors of 4 - 2 -